31
Convert -74 (base 8) to base 13.
-48
-1010 (base 2) to base 13
-a
Convert 350 (base 8) to base 6.
1024
10 (base 7) to base 13
7
-6 (base 13) to base 7
-6
What is -5 (base 16) in base 14?
-5
What is -11 (base 2) in base 13?
-3
What is 2 (base 13) in base 16?
2
Convert -253 (base 7) to base 16.
-88
Convert 1 (base 7) to base 13.
1
What is -3 (base 7) in base 5?
-3
-21 (base 5) to base 2
-1011
Convert 36 (base 12) to base 10.
42
Convert -1 (base 11) to base 3.
-1
What is 95 (base 12) in base 13?
89
-220 (base 3) to base 12
-20
0 (base 7) to base 16
0
Convert -56 (base 11) to base 6.
-141
Convert -2 (base 11) to base 10.
-2
What is 4 (base 6) in base 13?
4
Convert -1000101 (base 2) to base 3.
-2120
3 (base 12) to base 3
10
0 (base 12) to base 4
0
Convert 3 (base 10) to base 6.
3
10 (base 4) to base 7
4
130 (base 10) to base 3
11211
What is -92 (base 14) in base 4?
-2000
What is -424 (base 6) in base 4?
-2200
Convert 0 (base 10) to base 2.
0
Convert 1 (base 11) to base 3.
1
Convert -16 (base 8) to base 16.
-e
What is -3 (base 14) in base 8?
-3
Convert 14 (base 5) to base 15.
9
Convert 13 (base 13) to base 5.
31
What is 2 (base 15) in base 12?
2
Convert 15 (base 12) to base 14.
13
What is -2e (base 16) in base 8?
-56
11 (base 16) to base 2
10001
-53 (base 6) to base 7
-45
Convert -28 (base 13) to base 14.
-26
Convert -2 (base 11) to base 7.
-2
Convert 224 (base 6) to base 11.
80
Convert -33 (base 4) to base 15.
-10
-5 (base 6) to base 15
-5
What is -1 (base 4) in base 16?
-1
Convert -3 (base 5) to base 4.
-3
Convert -1110001 (base 2) to base 3.
-11012
What is -65 (base 7) in base 13?
-38
100001 (base 2) to base 14
25
Convert 241 (base 6) to base 2.
1100001
-2 (base 6) to base 16
-2
What is -40 (base 16) in base 11?
-59
What is bb (base 12) in base 16?
8f
What is 1b (base 13) in base 7?
33
-1543 (base 6) to base 9
-520
Convert 8b (base 15) to base 8.
203
Convert 1 (base 9) to base 3.
1
-1 (base 10) to base 9
-1
-8 (base 13) to base 10
-8
What is e (base 15) in base 6?
22
What is -2 (base 13) in base 6?
-2
Convert 3 (base 13) to base 15.
3
-1 (base 11) to base 15
-1
What is -170 (base 14) in base 11?
-248
-37 (base 11) to base 13
-31
What is 0 (base 3) in base 2?
0
What is 53 (base 9) in base 14?
36
Convert 51 (base 6) to base 11.
29
What is 465 (base 7) in base 11?
201
5 (base 14) to base 3
12
Convert 110 (base 2) to base 13.
6
10011 (base 2) to base 15
14
Convert 12 (base 13) to base 3.
120
Convert 15 (base 15) to base 14.
16
-30 (base 6) to base 16
-12
Convert -1010 (base 2) to base 15.
-a
Convert -14 (base 13) to base 15.
-12
Convert 111 (base 3) to base 2.
1101
Convert 0 (base 6) to base 4.
0
Convert -3 (base 16) to base 12.
-3
12 (base 14) to base 2
10000
Convert 13 (base 8) to base 7.
14
Convert -19 (base 16) to base 13.
-1c
1031 (base 4) to base 8
115
What is -7 (base 14) in base 15?
-7
Convert -2 (base 15) to base 3.
-2
157 (base 9) to base 14
97
Convert -45 (base 10) to base 9.
-50
2 (base 15) to base 4
2
Convert -23 (base 4) to base 2.
-1011
-2 (base 5) to base 4
-2
Convert 0 (base 7) to base 2.
0
-16 (base 8) to base 9
-15
-42 (base 7) to base 12
-26
What is 1 (base 8) in base 9?
1
What is -29 (base 11) in base 7?
-43
-27 (base 14) to base 5
-120
Convert aa (base 13) to base 4.
2030
Convert -4 (base 14) to base 4.
-10
Convert -133 (base 4) to base 12.
-27
Convert -17 (base 11) to base 13.
-15
-214 (base 12) to base 6
-1224
Convert 30 (base 8) to base 10.
24
3 (base 6) to base 15
3
Convert -52 (base 9) to base 6.
-115
What is -101011 (base 2) in base 15?
-2d
-1045 (base 6) to base 2
-11110101
-5 (base 7) to base 6
-5
What is -50 (base 11) in base 7?
-106
34 (base 12) to base 4
220
Convert -133 (base 8) to base 3.
-10101
Convert 31 (base 4) to base 5.
23
What is c (base 14) in base 7?
15
-1d (base 14) to base 13
-21
Convert a (base 11) to base 9.
11
-131 (base 5) to base 7
-56
0 (base 11) to base 2
0
What is -405 (base 6) in base 8?
-225
What is -124 (base 8) in base 10?
-84
Convert -201 (base 5) to base 11.
-47
Convert -103 (base 9) to base 7.
-150
-4 (base 10) to base 13
-4
Convert 121 (base 3) to base 6.
24
What is 190 (base 15) in base 13?
219
Convert -2 (base 7) to base 9.
-2
Convert -10 (base 11) to base 10.
-11
Convert -10 (base 14) to base 12.
-12
-1000 (base 2) to base 15
-8
19 (base 11) to base 8
24
Convert -134 (base 7) to base 14.
-54
16 (base 14) to base 4
110
-4d (base 16) to base 15
-52
100111 (base 2) to base 15
29
What is -9b (base 13) in base 15?
-88
Convert -322 (base 4) to base 6.
-134
-12 (base 15) to base 9
-18
Convert -c4 (base 16) to base 15.
-d1
Convert -34 (base 5) to base 9.
-21
Convert 5 (base 9) to base 14.
5
Convert -2 (base 14) to base 8.
-2
-15 (base 16) to base 15
-16
-32 (base 6) to base 13
-17
Convert -221 (base 6) to base 9.
-104
What is 8 (base 11) in base 3?
22
Convert 3 (base 16) to base 8.
3
What is 30 (base 8) in base 13?
1b
What is 4a (base 11) in base 14?
3c
24 (base 6) to base 12
14
What is 0 (base 3) in base 5?
0
Convert -10 (base 2) to base 9.
-2
3 (base 15) to base 6
3
Convert -8 (base 12) to base 6.
-12
Convert 18 (base 10) to base 15.
13
Convert -28 (base 12) to base 3.
-1012
-2 (base 9) to base 15
-2
44 (base 5) to base 2
11000
What is 92 (base 13) in base 14?
87
Convert 4 (base 9) to base 14.
4
Convert 0 (base 4) to base 13.
0
-170 (base 12) to base 9
-273
Convert -60 (base 15) to base 14.
-66
What is -3 (base 10) in base 3?
-10
Convert 10 (base 5) to base 4.
11
What is -10 (base 5) in base 11?
-5
-2 (base 10) to base 13
-2
What is 53 (base 15) in base 2?
1001110
4 (base 13) to base 15
4
Convert -19 (base 13) to base 15.
-17
Convert -6 (base 15) to base 11.
-6
What is 2 (base 10) in base 5?
2
230 (base 5) to base 9
72
What is -12 (base 14) in base 11?
-15
Convert 3 (base 13) to base 12.
3
-15 (base 14) to base 5
-34
Convert 342 (base 7) to base 13.
108
What is -1103 (base 4) in base 7?
-146
Convert -1 (base 13) to base 6.
-1
Convert -4 (base 9) to base 3.
-11
Convert -16 (base 12) to base 6.
-30
73 (base 11) to base 2
1010000
-2 (base 5) to base 7
-2
61 (base 7) to base 14
31
Convert 0 (base 16) to base 14.
0
Convert 141 (base 6) to base 15.
41
Convert 100 (base 3) to base 11.
9
Convert 3 (base 12) to base 10.
3
Convert 2 (base 10) to base 5.
2
-334 (base 6) to base 4
-2002
0 (base 4) to base 2
0
-2 (base 13) to base 14
-2
What is 36 (base 12) in base 2?
101010
-12 (base 15) to base 10
-17
-112 (base 5) to base 9
-35
135 (base 6) to base 3
2012
11 (base 16) to base 5
32
Convert 33 (base 5) to base 12.
16
Convert 5 (base 6) to base 5.
10
What is 23 (base 5) in base 3?
111
Convert -2 (base 3) to base 6.
-2
What is 162 (base 12) in base 9?
262
What is 41 (base 8) in base 3?
1020
-8 (base 12) to base 4
-20
What is 212 (base 3) in base 12?
1b
10 (base 5) to base 12
5
Convert 5d (base 16) to base 6.
233
-7 (base 9) to base 7
-10
What is 1 (base 11) in base 3?
1
Convert -43 (base 5) to base 13.
-1a
Convert -101101 (base 2) to base 11.
-41
Convert 1b (base 15) to base 11.
24
What is 4 (base 7) in base 11?
4
What is -5 (base 7) in base 12?
-5
What is 3 (base 10) in base 16?
3
What is 2a (base 11) in base 7?
44
What is -125 (base 9) in base 7?
-206
-100022 (base 3) to base 13
-164
-110100 (base 2) to base 11
-48
Convert -1121 (base 3) to base 12.
-37
14 (base 9) to base 5
23
-1 (base 8) to base 16
-1
-3 (base 16) to base 10
-3
Convert -2 (base 8) to base 13.
-2
Convert -15 (base 12) to base 4.
-101
Convert 1 (base 10) to base 3.
1
Convert -2131 (base 4) to base 9.
-184
12 (base 3) to base 15
5
What is -1 (base 7) in base 6?
-1
What is 2 (base 13) in base 6?
2
What is 4 (base 6) in base 15?
4
15 (base 13) to base 6
30
Convert -18a (base 11) to base 10.
-219
What is 31 (base 5) in base 7?
22
What is -111 (base 2) in base 4?
-13
What is -3 (base 15) in base 13?
-3
Convert 4 (base 16) to base 12.
4
What is -101 (base 3) in base 11?
-a
1 (base 16) to base 9
1
Convert -142 (base 5) to base 16.
-2f
What is -3 (base 14) in base 13?
-3
Convert -10000 (base 3) to base 14.
-5b
Convert -e (base 16) to base 14.
-10
-111 (base 5) to base 9
-34
Convert 3 (base 11) to base 13.
3
Convert -17e (base 16) to base 9.
-464
2d (base 15) to base 3
1121
2 (base 10) to base 11
2
110 (base 16) to base 8
420
-111101 (bas